+ -2 - 0?
2
What is the value of 4 - -1 - 3 - (5 + 3)?
-6
What is the value of -2 + (1 - 6) + 5?
-2
Evaluate (0 - 4) + 19 + -15.
0
-7 - 0 - (-5 + 1 - -1)
-4
What is the value of 62 + -58 - (1 - 0)?
3
(5 - 0) + 3 + -7 + 3
4
What is -3 - ((-4 - (-3 + 3)) + 3)?
-2
What is (9 - 3) + -3 + -6?
-3
Evaluate 1 + (0 - -2) - 4.
-1
What is the value of 0 + 1 - ((-16 - -8) + 5)?
4
What is -1 + 6 + (-33 - -30)?
2
Calculate 0 + 0 - (-2 + 9 + -3).
-4
-2 - (4 - 5) - (-11 + 18)
-8
What is the value of 8 + (-15 - -1) + 5?
-1
What is -4 + (5 - (0 + -3 + 7))?
-3
What is the value of 11 - ((-3 - -2) + (5 - -1))?
6
What is 3 + -2 - (6 - 2 - 8)?
5
Evaluate 0 - (6 - (1 + 11)) - 0.
6
What is the value of 4 - 0 - (9 - 3)?
-2
What is -3 - ((12 + -4 - 4) + -4)?
-3
Calculate 3 + -3 + -5 - -9.
4
What is the value of 2 + (0 - -2) + 1 - 3?
2
-2 + 5 + (-5 - (-7 - -4))
1
What is the value of (1 + -2 - 6) + 1 + 2?
-4
What is the value of -3 + 15 + -12 + -4 + 0?
-4
What is the value of (11 - 15) + -2 + 5?
-1
Evaluate 14 - ((5 - 7) + 9) - 7.
0
Evaluate 6 + 2 + (-15 - -2).
-5
Calculate -32 + 32 - (4 - 1 - 1).
-2
-1 + 6 + -5 + 2 - 3
-1
Calculate -7 - (74 + -80 + (0 - -1)).
-2
What is the value of -5 + 0 + 3 + (2 - 1)?
-1
Evaluate 3 - (4 - (-2 - -3)).
0
What is 2 - 6 - (-1 + -1) - 1?
-3
Evaluate 23 - (4 + 15) - (6 + -1).
-1
What is the value of -3 + 7 + (-1 - 3) + -1?
-1
What is the value of 1 - 14 - (-4 - (10 + -8))?
-7
Calculate 1 - -2 - (-9 - -11).
1
156 + -170 - (1 - 9)
-6
What is the value of 9 - ((0 - (-4 + 4)) + 1)?
8
What is the value of -3 + -4 + 8 + 3 + -6?
-2
Evaluate -7 + 7 - (-3 + -1 - 1).
5
What is 36 - 37 - (3 + 1) - -6?
1
Evaluate -3 - (-6 - -10) - (-10 + 4).
-1
Evaluate (-1 - 1) + -137 + 131.
-8
Evaluate (-5 - -4) + 3 + 1 + -3.
0
What is the value of -8 + 1 + -6 + 7?
-6
What is the value of -10 + (16 - 8 - -2)?
0
What is the value of (0 + 13 - 5) + -7?
1
Calculate 0 + (-4 - (-2 - -1) - -4).
1
Calculate 2 + 1 + 6 + 13 + -23.
-1
Evaluate (3 + 3 - (5 + 0)) + 1.
2
3 + 1 - ((10 - 5) + -2)
1
What is the value of 4 - (-11 + (6 - -8 - 6))?
7
What is -17 + 3 + 3 - -7?
-4
Evaluate -5 + 10 - (-1 - -2).
4
What is 2 - 3 - -4 - (-24 + 27)?
0
(3 - -1 - 8) + (9 - 1)
4
-3 - -1 - -4 - 6
-4
Calculate -4 + (13 - 5) - 1.
3
Evaluate 9 - (-5 + 9 + 8).
-3
5 + -1 + (-8 + -1 - -3)
-2
Calculate 3 + -4 + (6 + -4 - -8).
9
What is the value of 4 - 4 - (-2 - (1 - -3))?
6
What is the value of -5 - 0 - -2 - 0?
-3
What is -1 + 0 - (3 + -9 + 3)?
2
(1 - 3) + 0 + -7 + 7
-2
What is -4 + (9 - (-10 - -9))?
6
What is the value of (9 - 20 - -12) + -7?
-6
What is 21 + -23 - (-9 - -2)?
5
What is the value of (6 - -3) + -3 + -1 + 0?
5
What is 14 - (5 + (6 - 5))?
8
What is 0 - 12 - (-116 + 106)?
-2
Calculate -1 + 9 + 1 + -5.
4
Calculate -3 + 10 - 4 - 8 - -1.
-4
What is -1 + 3 - (-1 + 4 + 1)?
-2
What is the value of 4 + (3 + -3 - 0) + -5?
-1
What is 5 + (-6 - -7) - (-5 - -4)?
7
What is (1 - -4) + -3 - 7?
-5
Calculate 10 + -12 + 4 + (-1 - -1).
2
What is the value of -9 + 11 + (-4 - (-1 - -3))?
-4
What is 13 + -17 - (-2 - -1 - 3)?
0
Calculate 3 - (5 - (5 - 5)).
-2
Calculate 4 - (0 + -4 + 4).
4
What is (-1 - 0) + 1 + (-3 - -4)?
1
(0 - (7 - 4) - 4) + 4
-3
What is -10 + 15 - (0 + (8 - 1))?
-2
What is the value of 9 + -9 + 4 - 4?
0
Evaluate 8 + -2 + -10 + 10 + 1.
7
Calculate (-2 - -7) + (-5 - (-3 - -2)).
1
(-4 - -2) + (0 - -2) - 2
-2
What is 1 + -5 + 8 + 4 + -8?
0
What is the value of 8 + -11 + -1 + 0 + 4?
0
Evaluate 7 + -7 + -2 + -2.
-4
Evaluate 4 + -3 + (6 - 10) + 1.
-2
What is (-2 + 4 - 7) + 3?
-2
11 + (-2 - (3 - 0) - 1)
5
What is 5 - (-5 + 2) - 10?
-2
Evaluate -4 - (-1 + 3 - 6 - 5).
5
Calculate -2 - (0 - 7 - -8).
-3
Evaluate 4 - (0 - (-1 - 4)).
-1
What is the value of -8 + 2 + 3 + (-4 - -1)?
-6
Calculate 4 + (1 - 3) - (2 - -1).
-1
What is 8 - ((2 - 3) + 0 - -4)?
5
Evaluate (1 - 0) + 5 + -6.
0
Evaluate 0 + -1 + -5 + (50 - 49).
-5
4 + -2 - (-11 - -7 - 2)
8
Calculate (6 - (-4 - (-11 - -6))) + 1.
6
Calculate -5 + 2 + 1 + -4 + 4.
-2
What is (3 - 2) + -3 + 4?
2
0 - (2 - (5 + 3) - 2)
8
What is -16 + (5 - 0) - -7?
-4
Evaluate (9 - 6) + -10 + 2 + 2.
-3
Calculate 4 + (-6 - -1) + (1 - -1).
1
What is (6 + -7 - -8) + -7?
0
Evaluate 1 - (-2 + 8 - 11).
6
What is (-1 - -4) + -1 + 0?
2
-7 + 3 + -3 + 3
-4
Calculate -1 + -3 + 4 + 0.
0
-25 - -20 - (-3 + 0 + -2)
0
Calculate 0 + -2 - (-1 + 6) - -3.
-4
What is the value of -1 + 3 - (25 + -17 + 2)?
-8
What is the value of (2 - -4) + (2 - 7) + 3?
4
What is the value of 3 - 2 - (-4 + 2)?
3
Calculate (3 + -10 - -5) + (-2 - 1).
-5
Evaluate -1 - (6 - 2 - 10).
5
Evaluate 5 + -11 - (-2 - -3).
-7
Calculate (-1 - 0) + (-4 - -4) + 3.
2
What is the value of -4 - (1 + -1 + -11 + 6)?
1
What is 0 + (1 - -4) + 3 + -7?
1
Evaluate -2 + (1 - 1) + (-88 - -85).
-5
What is 3 - (0 - (4 - 5) - -2)?
0
What is the value of 0 + 0 + -2 + (2 - 3)?
-3
What is (0 - (-1 + 16)) + 10?
-5
-1 + 3 + -1 + -1
0
What is the value of -3 + 19 + -20 - (-3 + 1)?
-2
Evaluate 2 + 0 + -1 - (7 + -3).
-3
What is 6 + -1 - (12 - 15)?
8
What is the value of 5 + 7 + -10 + 2?
4
Calculate (3 - -1) + -6 + -8 + 12.
2
Evaluate -5 + (10 - 4) + 5 + -12.
-6
Calculate -64 + 55 - (-2 - (-3 + 7)).
-3
Calculate 0 - 4 - (7 - 4).
-7
What is the value of (-6 - (-7 + 3)) + 8?
6
Evaluate (8 - 21 - -8) + 1.
-4
What is the value of 1 - ((-14 - -10) + (-2 - -2))?
5
What is (-2 - 5) + -10 + 17?
0
What is 4 + (5 + -11 - 1)?
-3
What is the value of 5 + 2 + -5 - 5?
-3
Calculate (19 - 14) + -4 + 2 + 3.
6
6 + (-11 - -2) + 3
0
Calculate 137 - 126 - (-1 + 7).
5
Calculate 0 - (-6 + 3 + -2).
5
7 + -1 + -9 - -1
-2
Evaluate (2 - 2 - -3) + 0.
3
Calculate -5 - -7 - (-3 + 0).
5
Calculate (7 - (5 + 2)) + -4.
-4
-1 + -4 - (-6 - 0)
1
What is -2 - -3 - (4 - 1)?
-2
(0 - -10) + (-213 - -203)
0
Calculate 4 - (-6 + (2 - -13)).
-5
Calculate 0 + 6 + -1 - (-8 + 9).
4
-4 + (5 - 15 - -20)
6
What is the value of (0 - -4) + 44 + -53?
-5
0 + (-4 - -12) + -4
4
What is the value of (11 - 3 - 4) + (-4 - 2)?
-2
-16 - -15 - (2 + 1)
-4
What is the value of 3 - (-3 - -4 - -3)?
-1
Evaluate -64 + 69 + 0 + -10.
-5
Evaluate -2 - (-2 - (-1 - (-3 - -3))).
-1
Calculate 11 - (-2 - (-5 + (-1 - 1))).
6
What is the value of (-16 - -10) + 11 + (-2 - 3)?
0
What is the value of 3 + (-6 - -9 - 6)?
0
What is the value of 1 - -6 - 1 - 1?
5
Calculate (-1 - -6 - (-2 - -11)) + -2.
-6
Calculate (6 - 2) + (-95 - -84).
-7
Calculate 1 - (-4 + 2 + 1 + 3).
-1
2 - ((-3 - 0) + 10 - 2)
-3
What is the value of 2 - (-1 + 3 + -7)?
7
-10 - (-5 - 0) - -2
-3
Calculate 2 - (-5 + 3) - 8.
-4
What is 7 - 5 - -1 - (0 + -1)?
4
What is -5 + 1 + 11 - (1 + 1)?
5
Calculate (-1 - 0) + -2 - (-5 - -5).
-3
What is the value of -2 - ((-7 - -8) + -7)?
4
(10 - -7 - -1) + -8
10
What is the value of (1 - 4) + -1 + 5 + -1?
0
Evaluate 8 - (9 - (-5 + 10)) - 6.
-2
9 + -7 + 1 + 3 + -1
5
Calculate 8 - (-6 - -3) - (-1 - -2).
10
((-5 - -9) + -2 - 1) + 2
3
What is the value of 1 + 1 + 13 + (26 - 33)?
8
-4 + 6 - (9 + -2)
-5
2 - (11 - 6) - 6
-9
What is (-2 - 1) + 3 + (1 - 1)?
0
What is -3 + 0 + 8 + -7?
-2
Evaluate 5 + -1 + (-38 - -30).
-4
Calculate -10 - 1 - -21 - -1.
11
Calculate (43 - 47) + (10 - 1).
5
Calculate (-3 - -6) + (0 - 2) - 1.
0
Calculate 4 + -3 - (1 + 0).
0
What is -3 - (-4 - (-4 + 4))?
1
16 + -9 + (-2 - -2) - -1
8
What is the value of 48 + -42 - (-1 + 8) - -7?
6
What is the value of -13 - -13 - (9 + -3)?
-6
(-1 - (-4 - 5)) + -3 - 1
4
Calculate (-10 + 12 - (-2 - -3)) + -6.
-5
Evaluate (-16 - -14) + (1 - 5) + 4.
-2
What is 7 - (2 + (6 - 8))?
7
What is -3 - (-10 - (-2 - 5))?
0
Calculate (6 - (3 - 4)) + -2.
5
Calculate 12 + (-6 - (0 + -4)) + -4.
6
-4 - (1 + 3 + -4 + 2)
-6
Evaluate -2 - (3 - (-6 - -8)).
-3
21 + -6 + -7 - 8
0
(1 + -1 - -1) + (37 - 42)
-4
-6 + (1 - (-9 + 2))
2
What is -5 + (10 - -3) + -4?
4
-12 - -1 - (184 - 203)
8
What is (3 - 5) + 4 - 4 - -2?
0
What is the value of 6 + -21 + (16 - 5)?
-4
Calculate -2 + -2 - (2 - 9).
3
What is (3 + -3 - -4) + 7 + -7?
4
Evaluate -8 - (11 + -7 - 9).
-3
What is the value of 4 + -1 - (6 - -3)?
-6
What is -7 + 2 + 1 + 1?
-3
Calculate -2 + 3 + (3 - 7).
-3
What is -5 + 4 - -3 - (-2 - -8)?
-4
(-6 - 2) + 14 - 4
2
What is the value of -6 + (4 - -1) - 4?
-5
Evaluate 0 - 2 - (12 + -3 - 6).
-5
Evaluate -2 + (-63 - -60 - (-1 + -5)).
1
Calculate (3 + -1 - -1) + -20 + 15.
-2
What is 0 - 3 - (-13 - (-41 - -20))?
-